 (-4 + -3 + 12 + -9)
0
2 - ((0 - -2) + -3)
3
Calculate 8 - (5 - -2) - -3.
4
5 + -1 + (3 - 7)
0
Calculate 3 + -7 + (7 + 0 - 4).
-1
Evaluate -6 - (-8 - -8) - (-6 - 0).
0
What is the value of -3 + (3 - 0) + (3 - -1)?
4
-2 + 0 + (-5 - 0) + 2
-5
Evaluate 10 - (-3 - (2 + -9)).
6
Evaluate 15 + -20 - (-6 + -1).
2
Calculate 0 - (3 - 2 - 1).
0
What is the value of 0 + -1 + -24 + 30?
5
Evaluate 3 + 4 + 1 + -3.
5
What is -2 + -3 + (-6 - -1) + 10?
0
What is the value of 1 + 13 - (17 + -11)?
8
Calculate (0 - -3) + -10 + 14 + -1.
6
What is the value of 11 + -11 + -9 + 2 + 1?
-6
2 - -9 - (2 + 5)
4
Evaluate 3 + -3 + (-1 - (3 - 2)).
-2
Calculate 6 + -7 + -6 - -11.
4
What is the value of -89 + 87 - (-4 + 0)?
2
Evaluate 6 - 10 - 2 - -6.
0
What is (4 - 3) + (-2 - 0)?
-1
Evaluate -2 - ((-9 - -4) + 2) - 2.
-1
0 - (2 + 7) - -2
-7
What is the value of (3 - 0) + 16 + -26?
-7
Evaluate 1 + 6 + (-2 - 2) + -3.
0
Calculate 11 - (-4 + 2 + 11 + -5).
7
What is -16 - -22 - (6 + -3 + 0)?
3
Evaluate 3 + (-9 - -2) + -7 + 6.
-5
What is -2 + -1 + -6 + 9?
0
What is (-2 - -4 - -1) + 1?
4
Evaluate (-1 - (9 - 11)) + -2.
-1
What is (-5 + 0 - -6) + 8 - -1?
10
7 - (3 - -1) - -1
4
What is -4 + 3 + 6 - 3?
2
Calculate -3 + (-5 - -15) + (-8 - 6).
-7
Calculate 7 - (6 - (-12 - -9)).
-2
What is the value of (-1 + 6 - 7) + 2?
0
-11 + -3 + 17 + (3 - 1)
5
What is -2 + 5 + 4 + -5 + 1?
3
7 - (4 + -4 + 4)
3
(0 - 9 - (14 + -17)) + 2
-4
-6 + 0 + (15 - 10)
-1
Calculate -1 - 1 - (3 - 7 - -1).
1
What is 0 + -13 + (-6 - -12)?
-7
Evaluate (0 - 3 - -3) + -5 + 9.
4
Calculate -11 - -17 - (0 + 1).
5
0 - -3 - (-2 + 2)
3
What is (2 - (-19 - (-9 - -2))) + -6?
8
Evaluate -3 - 3 - (0 + 0).
-6
Evaluate -2 + (-3 - -4) - -2 - -1.
2
Calculate 29 + -26 + (0 - 7) + 4.
0
What is 21 + -24 - (0 + 5)?
-8
What is (-4 - -16) + 0 + -2 - 4?
6
Evaluate 5 + 3 + -13 - (2 + -4).
-3
What is -11 - (-90 + 76 + 8 + -1)?
-4
Calculate 24 - 19 - (2 + 3).
0
What is the value of (16 - (15 + -11)) + -8?
4
Calculate 14 + -15 + -2 + 1 + 0.
-2
What is the value of (-5 - (3 - 9)) + 1?
2
What is 1 + 9 - (-5 + 4 + 5)?
6
Evaluate 9 - 8 - (-2 - 0).
3
1 + 8 + (79 - 96)
-8
What is the value of -6 + (4 - (-8 - -4))?
2
Evaluate -3 + (-6 - -8 - 3) - 2.
-6
What is (0 - 4) + (-3 - -4)?
-3
What is the value of 0 + -5 + -68 + 71?
-2
8 - 5 - (7 + -2 - 3)
1
Evaluate -1 + -2 + (-3 - (-4 + -2)).
0
What is the value of 4 - (2 + -5 + 9)?
-2
-6 - (0 - (4 + 1))
-1
What is the value of 5 + (-1 - 2 - (-12 + 14))?
0
Evaluate (7 - (-5 + 2)) + -4.
6
Calculate 23 - 20 - (4 + 0).
-1
Evaluate 7 - 7 - (0 - -2).
-2
Evaluate -9 + 1 + (5 - 10) + 6.
-7
-2 - (1 - (12 + -4))
5
(-3 - (-1 - 6)) + -4 + -3
-3
Calculate (2 - 2) + -2 - (46 - 42).
-6
What is the value of (9 - 0) + 1 - (33 + -29)?
6
Calculate -6 + 12 + (1 + 0 - -3).
10
Calculate 5 - (6 + (-11 - -10)).
0
3 + (-21 + 10 - -6)
-2
Calculate -15 - -11 - (1 - 0).
-5
What is 1 - (1 - 4) - (1 - 1)?
4
What is the value of -3 + 3 + 1 + (-2 - -5)?
4
What is 1 + 3 + -2 + 2 + 3?
7
What is the value of (2 + -9 + 4 - 3) + 3?
-3
What is the value of (4 - 2) + -5 + (4 - 2)?
-1
Evaluate 14 + -13 - (2 - 3).
2
What is the value of 8 - ((57 - 45) + (-4 - 0))?
0
What is the value of (-5 - -12 - 0) + -6 + 7?
8
What is -524 + 527 - (3 + 1 + 0)?
-1
-1 - ((11 - 12) + 8)
-8
Calculate (0 - (4 - (3 - 3))) + 1.
-3
What is the value of 183 - 194 - (-6 - (-2 + 4))?
-3
What is the value of 17 - 30 - -9 - (-3 - 1)?
0
Calculate 5 - 5 - (-2 + -3 + 4).
1
What is 1 - (7 - (-2 - -3))?
-5
Calculate -6 - (-1 + -2) - -1.
-2
What is 5 + 5 + -9 + -4?
-3
6 + (1 - 4) - 5
-2
What is the value of 0 - ((3 + -8 - -1) + 4)?
0
What is the value of 4 + -4 - (-3 - (1 - 5))?
-1
-4 + 2 - (5 - 4)
-3
What is (-1 - 3) + 2 + (1 - -2)?
1
Calculate (-5 - 1) + -8 + (0 - -10).
-4
What is the value of -2 + (-2 - 3 - 1)?
-8
(19 - 5) + 0 - 10
4
What is the value of ((3 - -1) + -7 - 1) + 9?
5
Calculate 3 - -1 - (-4 + -4 - -12).
0
Calculate -2 + (-3 + -3 + 3 - -2).
-3
(0 - -7) + (-129 - -125)
3
Calculate -1 - 0 - (33 - 31).
-3
Evaluate 2 + -1 + -12 + 3.
-8
What is the value of 2 + -2 + 7 - 6 - 1?
0
What is the value of 10 + -6 + -11 + 2 + 0?
-5
What is 3 + 5 + 0 + -3?
5
Evaluate (-8 - 6) + 7 - -7.
0
Calculate -2 + 1 + 1 + -1.
-1
Evaluate -5 - (0 + -2 + 10 + -8).
-5
What is the value of (4 - 13) + 7 - -7?
5
Calculate -1 + 1 - (51 + -52).
1
(5 - -5 - 4) + -6
0
What is 4 - ((4 - -5) + -5)?
0
Calculate 9 + -24 + -2 + 11.
-6
What is 0 + 5 - (7 - 2)?
0
Calculate -7 - -5 - (5 + 4 + -1).
-10
Calculate -2 + (4 - 1) - 0 - -1.
2
Calculate 0 + -2 + 5 + -8 + 4.
-1
Calculate 5 - (7 - -3) - -5 - -2.
2
Evaluate -3 - (-12 + (9 - 0)).
0
Calculate -4 + -1 + 3 + -1.
-3
What is the value of -2 + (-1 - ((0 - 6) + 3))?
0
Evaluate -1 - (26 - 25 - (1 + -2)).
-3
(-3 - -1) + 7 + -14
-9
What is 3 - (-6 - (7 - (4 + 3)))?
9
9 + -1 + (6 - (7 - -16))
-9
Calculate 3 + 0 + -2 + -1 + -2.
-2
What is the value of -7 + 12 + (-2 - 4)?
-1
14 - (-8 - -8) - 14
0
What is -2 - (4 - 5 - -4)?
-5
What is -10 - -21 - (2 + 14)?
-5
What is the value of (0 - (2 + 1 - -1)) + 3?
-1
2 + (3 - 2) - (-1 - 2)
6
Calculate 4 + 8 + -2 + 2 + -7.
5
-14 - -4 - (-7 - -1)
-4
What is -2 + -1 - (-1 + 1 - 5)?
2
(-14 - (-10 - 0)) + 1 + 7
4
What is (27 - 22) + -1 + -6?
-2
Calculate -17 - -12 - (0 + -4).
-1
What is the value of 1 + (-2 - -10) - 3?
6
(0 - -2) + 5 + -14
-7
Calculate 8 + (1 - 13 - (-2 - 3)).
1
Evaluate 13 + -12 - (0 - 3).
4
What is the value of 9 - (5 + (-3 - 3 - -6))?
4
4 + (-4 - -12) - 6
6
What is -2 - (-7 + 1) - (-2 + 1)?
5
What is -9 + 13 - (-1 - -4)?
1
Evaluate (-7 - (2 - 1)) + 215 + -206.
1
What is (-3 - 0) + 3 + (-10 - -14)?
4
Calculate 8 - (-3 - (-6 - 6)) - -8.
7
Evaluate 12 - 1 - (216 - 215).
10
What is the value of (-26 - -33) + -2 + 1?
6
What is 1 - (2 + -4) - -2?
5
What is 21 - 18 - (0 - 2 - -2)?
3
What is the value of -18 + 13 + (-2 - -3 - -1)?
-3
9 - -1 - 5 - (6 + -11)
10
What is 4 + -3 + 6 + -12?
-5
0 - (0 - 3) - (2 + -1)
2
Evaluate 2 - (-1 + -5) - 2 - -2.
8
Calculate -5 + (-3 - 2 - -5).
-5
Calculate (-7 - (7 + -10)) + 1 + 2.
-1
What is (1 - (2 - 3)) + 11 + -11?
2
What is the value of 0 - 13 - (90 + -98)?
-5
-10 + 3 - (-6 + 3)
-4
What is 2 + -2 + -2 + 6?
4
(3 - (3 - (-9 - -5))) + -3
-7
What is the value of (36 - 38) + 1 + 3?
2
-4 - (-6 - -3) - 3
-4
What is 5 - (0 + (2 - -4) + 3)?
-4
Evaluate (3 - -2) + (-3 - 0).
2
-3 + -2 + 2 + 4
1
What is the value of (-3 - (-2 + 0)) + 2 + -4?
-3
Calculate 2 + -4 + 1 + 2 - 5.
-4
Calculate -5 - (7 - 3 - (-4 + 13)).
0
What is the value of (-6 - (10 + -5)) + 5 - -4?
-2
What is the value of 9 + -18 + 15 + (-8 - 1)?
-3
What is (9 - (0 - -8)) + -6?
-5
Calculate -4 - (1 + -4) - -5.
4
Calculate (4 - -5) + -6 - -1.
4
What is the value of -3 - (4 + (0 - 1))?
-6
What is the value of -13 + (-1 - (2 + -10))?
-6
What is 2 + (1 - (-3 + 2 + 0))?
4
Evaluate (3 - (-2 + 3) - 0) + 2.
4
What is the value of -2 + 1 + (12 - -2 - 11)?
2
What is the value of 2 - (-4 + (9 - 1))?
-2
Calculate 2 - ((1 - 3) + 3).
1
What is the value of 3 + ((0 - 1) + -7 - -10)?
5
0 + (2 - (-5 + 7))
0
Calculate 9 + (-1 - 4) + 3 - 1.
6
What is (12 - (-2 - -9)) + (-1 - 6)?
-2
Evaluate -1 - (-3 + (8 - 4)).
-2
Evaluate 2 + 2 - (-1 - -7).
-2
Evaluate (-5 + -1 - -1) + 1 + 1.
-3
2 + -1 + 1 - (-2 + 1)
3
-13 + 11 + (1 - -2)
1
(3 - 3) + -7 + 10
3
What is the value of -2 + 1 + 17 + (-12 - -5)?
9
What is (1 + 6 - (5 - 1)) + 0?
3
What is the value of -1 - ((2 - 4) + 5)?
-4
Evaluate 4 + 2 + -15 - (-1 + -4).
-4
Calculate -34 - -34 - (3 - 6 - 3).
6
What is 7 + (3 - (-1 + 6) - 2)?
3
Evaluate -10 + 1 + 6 + 9.
6
Calculate (-4 + 1 - -5) + -1 + -1.
0
What is 4 - ((-3 - -4) + 1)?
2
Calculate 3 + 4 + -7 + (-4 - -6).
2
Evaluate -1 + -2 + -18 + 20.
-1
What is 7 + -10 + (3 - -5) + 0?
5
What is -5 + (-7 - -2 - -7) + 3?
0
Evaluate (-4 - (-5 - 6)) + -13.
-6
(0 - -1) + (-3 + 0 - -3)
1
What is -4 - (1 + -6 - (11 + -10))?
2
What is the value of 4 + -7 - (-2 - (4 + -10))?
-7
(10 - (2 - (-2 - 1))) + 0
5
What is the value of (-1 - 2) + (4 - 4) - 1?
-4
Evaluate 0 + 5 - 26 - -8 - -6.
-7
What is the value of 7 - (2 - -6 - -6)?
-7
-5 + -18 + 11 - -9
-3
(2 - -3 - 3) + 0 - 4
-2
What is (-9 - -6) + (-7 - (-5 + -8))?
3
What is the value of 1 + (3 - (-6 - -6))?
4
Calculate (-1 - (-4 - (2 + -7))) + 1.
-1
What is the value of (-4 + -4 - -2) + 0 + -2?
-8
What is -2 + -1 - (-7 + -1)?
5
What